55354168?
8
What is the hundreds digit of 92631899?
8
What is the thousands digit of 200938001?
8
What is the hundred thousands digit of 45724954?
7
What is the billions digit of 3745383838?
3
What is the tens digit of 5273165361?
6
What is the hundreds digit of 2450344675?
6
What is the tens digit of 8759251?
5
What is the tens digit of 121931175?
7
What is the tens digit of 796443523?
2
What is the millions digit of 204323071?
4
What is the units digit of 332809408?
8
What is the units digit of 689237393?
3
What is the hundred thousands digit of 426454305?
4
What is the millions digit of 2967705898?
7
What is the hundreds digit of 88335559?
5
What is the hundred millions digit of 788294285?
7
What is the tens digit of 51850744?
4
What is the thousands digit of 39811508?
1
What is the thousands digit of 370479669?
9
What is the millions digit of 336471489?
6
What is the ten millions digit of 4808812111?
0
What is the ten thousands digit of 3208923815?
2
What is the units digit of 59352691?
1
What is the millions digit of 6941125399?
1
What is the tens digit of 2467199146?
4
What is the ten thousands digit of 20886937?
8
What is the thousands digit of 983464334?
4
What is the hundred millions digit of 268660542?
2
What is the ten thousands digit of 78528539?
2
What is the ten millions digit of 4185024907?
8
What is the millions digit of 12623090?
2
What is the ten millions digit of 3211203884?
1
What is the millions digit of 3940468521?
0
What is the ten millions digit of 88492132?
8
What is the ten thousands digit of 4664652988?
5
What is the hundred thousands digit of 2122949531?
9
What is the millions digit of 136675122?
6
What is the ten millions digit of 445084895?
4
What is the hundreds digit of 25749298?
2
What is the millions digit of 57605397?
7
What is the units digit of 389833407?
7
What is the hundreds digit of 267097927?
9
What is the hundreds digit of 898750874?
8
What is the tens digit of 222703741?
4
What is the thousands digit of 222560842?
0
What is the thousands digit of 326799583?
9
What is the tens digit of 1599366770?
7
What is the ten millions digit of 588898306?
8
What is the units digit of 374441856?
6
What is the hundred millions digit of 4168454017?
1
What is the hundred thousands digit of 18569073?
5
What is the hundreds digit of 3742106744?
7
What is the ten millions digit of 718709365?
1
What is the hundreds digit of 690486846?
8
What is the hundred thousands digit of 15624639?
6
What is the thousands digit of 87222526?
2
What is the ten millions digit of 8231680221?
3
What is the millions digit of 2894635?
2
What is the units digit of 244325010?
0
What is the tens digit of 117856767?
6
What is the hundred millions digit of 1832576213?
8
What is the ten millions digit of 2636194349?
3
What is the thousands digit of 2182106464?
6
What is the thousands digit of 85098208?
8
What is the hundreds digit of 1226999819?
8
What is the hundred thousands digit of 155129224?
1
What is the hundred millions digit of 1471000145?
4
What is the hundred thousands digit of 23298373?
2
What is the hundred thousands digit of 5747206894?
2
What is the tens digit of 286004431?
3
What is the units digit of 872878?
8
What is the hundred millions digit of 528169256?
5
What is the tens digit of 7777655171?
7
What is the millions digit of 2356972396?
6
What is the millions digit of 127709357?
7
What is the millions digit of 441516476?
1
What is the millions digit of 49931613?
9
What is the thousands digit of 36277799?
7
What is the units digit of 180209307?
7
What is the units digit of 12533212?
2
What is the tens digit of 45496731?
3
What is the units digit of 170069747?
7
What is the hundred millions digit of 223916765?
2
What is the hundreds digit of 542457060?
0
What is the thousands digit of 28236868?
6
What is the hundred thousands digit of 2741544528?
5
What is the thousands digit of 3505146303?
6
What is the millions digit of 63006330?
3
What is the ten thousands digit of 30066403?
6
What is the tens digit of 1552266848?
4
What is the tens digit of 7024735544?
4
What is the tens digit of 1003084932?
3
What is the units digit of 4274604833?
3
What is the thousands digit of 34098022?
8
What is the hundreds digit of 66548070?
0
What is the ten millions digit of 12514119?
1
What is the hundred millions digit of 181647979?
1
What is the hundreds digit of 2155887682?
6
What is the hundred thousands digit of 109148641?
1
What is the units digit of 6302749403?
3
What is the hundreds digit of 19175390?
3
What is the units digit of 97562657?
7
What is the thousands digit of 6476240?
6
What is the hundred thousands digit of 1967153414?
1
What is the hundreds digit of 479490575?
5
What is the ten millions digit of 1317817597?
1
What is the thousands digit of 783335031?
5
What is the ten millions digit of 34970515?
3
What is the units digit of 335005034?
4
What is the hundreds digit of 55376169?
1
What is the hundreds digit of 53727137?
1
What is the units digit of 22504350?
0
What is the ten thousands digit of 12993237?
9
What is the units digit of 296941390?
0
What is the millions digit of 82302934?
2
What is the ten millions digit of 44309295?
4
What is the units digit of 8322054273?
3
What is the units digit of 727633159?
9
What is the hundred thousands digit of 695454417?
4
What is the millions digit of 36807596?
6
What is the thousands digit of 682178090?
8
What is the millions digit of 287206892?
7
What is the thousands digit of 1292240128?
0
What is the hundred thousands digit of 409089484?
0
What is the hundreds digit of 151937860?
8
What is the hundred thousands digit of 171763286?
7
What is the ten millions digit of 35833826?
3
What is the tens digit of 49447229?
2
What is the hundreds digit of 489723216?
2
What is the hundreds digit of 29905816?
8
What is the hundred thousands digit of 46541072?
5
What is the units digit of 1414357?
7
What is the units digit of 766028956?
6
What is the millions digit of 1170537638?
0
What is the millions digit of 1613020673?
3
What is the hundreds digit of 635427832?
8
What is the units digit of 690612007?
7
What is the ten thousands digit of 63359534?
5
What is the hundreds digit of 1986596634?
6
What is the ten millions digit of 173073837?
7
What is the thousands digit of 409170?
9
What is the hundreds digit of 101899691?
6
What is the hundreds digit of 276431860?
8
What is the hundreds digit of 4176205523?
5
What is the hundred thousands digit of 5732702699?
7
What is the thousands digit of 1371773075?
3
What is the ten thousands digit of 4347350293?
5
What is the units digit of 26225366?
6
What is the units digit of 1249630816?
6
What is the thousands digit of 116628011?
8
What is the hundreds digit of 195921655?
6
What is the hundreds digit of 4245405?
4
What is the hundred thousands digit of 36772881?
7
What is the thousands digit of 155092091?
2
What is the thousands digit of 73531466?
1
What is the hundred thousands digit of 448783744?
7
What is the billions digit of 1067481676?
1
What is the hundred millions digit of 111473960?
1
What is the thousands digit of 93975784?
5
What is the units digit of 406629302?
2
What is the ten millions digit of 47820412?
4
What is the hundred millions digit of 617963003?
6
What is the hundred thousands digit of 577253715?
2
What is the hundred millions digit of 497767468?
4
What is the tens digit of 1311745733?
3
What is the thousands digit of 123486879?
6
What is the hundred thousands digit of 42845602?
8
What is the hundreds digit of 61614272?
2
What is the thousands digit of 355101622?
1
What is the units digit of 2459182678?
8
What is the tens digit of 20801893?
9
What is the hundred millions digit of 214380117?
2
What is the tens digit of 29790877?
7
What is the tens digit of 7229389?
8
What is the thousands digit of 1782589347?
9
What is the hundred thousands digit of 690348893?
3
What is the hundreds digit of 543219773?
7
What is the thousands digit of 96846910?
6
What is the ten thousands digit of 1152646586?
4
What is the billions digit of 2549844822?
2
What is the hundred millions digit of 1822470116?
8
What is the tens digit of 101086794?
9
What is the billions digit of 1317661285?
1
What is the hundred millions digit of 161235383?
1
What is t